19. Give s(-4).
17
Let c(z) = -712 + 352 - z**2 + 339. Calculate c(0).
-21
Let f be 2 - (2 + (-100)/(-5)). Let m be 112/(-18) - f/90. Let p(x) = x**3 + 6*x**2 + 2*x - 1. Determine p(m).
-13
Let l(j) be the first derivative of -j**2/2 + 7*j + 175. Give l(-5).
12
Let x(b) = 2*b**3 + b**2 - b - 2. Let i(f) = -2*f - 115. Let m be i(-57). Give x(m).
-2
Let v(s) = s**2 + 9*s + 7. Let o be (-59)/(3*(-1)/3). Let a = -31 + o. Suppose -5*p = -p + a. Give v(p).
-7
Suppose 9 = 4*l + 1. Suppose -12 = 4*p + 4*b, -5*b - 19 = 3*p - 0*p. Let k(o) = -4*o**2 + 0*o**2 + p - 36*o + 38*o. Calculate k(l).
-10
Suppose -2*v = -4*h - 24, 0 = 3*v + 2*h + 3*h + 19. Let o(s) be the first derivative of 2/3*s**3 - 1/4*s**4 + 3*s**v + 2 - 4*s. Give o(4).
-12
Let g(j) = j**3 + 4*j**2 - 7*j - 6. Let a(o) = 13*o**3 - 3*o**2 + 3*o - 1. Let b be a(1). Suppose b*u - 40 = -100. Calculate g(u).
4
Let k(q) = q**2 - 12*q + 2. Let g = 237 + -225. Determine k(g).
2
Let d be 24/(-60) + (-94)/(-10). Let z(c) = c + 1. Calculate z(d).
10
Let t(s) be the first derivative of s**4/4 - 2*s**3/3 - 5*s**2/2 + 2*s - 1. Suppose 3*k + 5*y + 19 = 5*k, -4*k - 5*y + 23 = 0. Let v = -3 + k. Give t(v).
14
Let i be 6 + (0 - 12/3). Suppose -11 = -k + w, i*k + w - 1 = k. Suppose -2*v = -k - 2. Let b(u) = -2*u + 1. Give b(v).
-7
Let k(f) = 6*f + 47. Suppose 4*n + 4*s + 48 = 0, 5*n - 55*s = -56*s - 40. What is k(n)?
5
Let c = 23 + -12. Let f = c + -6. Let o be (3/(-15) + 1)*f. Let x(l) = -4*l + 4. Give x(o).
-12
Let t be (3/(-4))/((-18)/24). Let n(b) = 5*b**2 - 1. What is n(t)?
4
Let z(o) be the second derivative of o**3/6 + o**2/2 + 60*o. Let n(b) = -b**2 + 5*b - 4. Let f be n(4). Suppose 5*a + 5*j = 2*j + 3, -j - 4 = f. Calculate z(a).
4
Let j(t) = t**3 + 15*t**2 - t - 7. Let p be j(-15). Let x(q) = 1 + 0*q + q + 2. Give x(p).
11
Suppose -x + 2*x = -6. Let c be 72/(-16)*16/x. Let s(p) = -p + 18. Let q be s(c). Let d(a) = a**3 - 6*a**2 + a - 2. Give d(q).
4
Let b(u) = u**2 + u - 2. Let r = -38 - -58. Suppose 5*i - 2*t - 35 = -t, 0 = 4*t - r. Suppose -3*d = -5*y + 2*d, 0 = -y + 5*d - i. Calculate b(y).
4
Let p(t) = -t**3 - t**2 - 2*t - 2. Let r(b) = b**3 + 2*b**2 + 3*b + 2. Let o(d) = 3*p(d) + 2*r(d). Determine o(-2).
10
Let b(n) be the second derivative of -n**5/20 + n**4/6 + n**3/3 - 3*n**2/2 - 6249*n. Let s = -3 - -6. What is b(s)?
-6
Let h(t) be the third derivative of -t**6/60 - t**5/5 + t**3/2 + 34*t**2 - 6. What is h(-6)?
3
Let v(r) = r**2 - 17*r - 37. Let d be v(19). Suppose 10 = l - 3*l - 5*c, 4*c = -8. Let w(u) = 0*u - u + l*u + d - 6. Determine w(-5).
0
Suppose 0 = 3*i - 5*i - 8. Let f(c) = c**3 + 3*c**2 - c + 8. What is f(i)?
-4
Let a(x) be the first derivative of -x**3/3 - x**2 - 964. Calculate a(-5).
-15
Let x(b) be the first derivative of 2*b**3/3 + b**2 + b - 100. What is x(-2)?
5
Let j(r) = -r**3 - 13*r**2 - 13*r - 18. Let o = -100 - -88. Determine j(o).
-6
Let q(p) be the second derivative of 0 - 1/2*p**2 + 5/12*p**4 - 1/3*p**3 - 26*p. What is q(-1)?
6
Let h = 1426 - 1425. Let c(m) = 0*m**2 - m - 16*m**2 + 2*m. What is c(h)?
-15
Let q(h) = -h. Let v(s) = -4. Let t(a) = -q(a) - v(a). Calculate t(9).
13
Suppose 25 = 2*o - 7*o. Let p(y) = 2 + 2*y + 14*y + 2 - 14*y + 5*y**2 + y**3 + 1. Calculate p(o).
-5
Let t(h) = h**3 + 6*h**2 + 13*h + 76. Let p be t(-6). Let o(q) = 4*q**2 + 3*q + 1. What is o(p)?
11
Let a(f) be the first derivative of -f**3/3 - 5*f**2/2 + 3*f - 22. What is a(-7)?
-11
Suppose -3*h = -12 - 3. Suppose h*b + 1 = 11. Suppose p + 12 = -b*p. Let l(m) = -m**3 - 5*m**2 - 5*m - 5. Calculate l(p).
-1
Let d(i) = 2*i - 1. Let v(r) = r**3 + 4*r**2 - 14*r - 9. Let m = 67 - 37. Suppose 7*x + m = 2*x. Let c be v(x). What is d(c)?
5
Let q = 90 + -95. Let m(i) = -i**2 - 7*i + 5. Let y(o) = o**2 + 6*o - 5. Let u(n) = -2*m(n) - 3*y(n). Calculate u(q).
0
Let d(f) = -f**2 + 6*f + 4. Let q(p) = p. Let w(n) = -d(n) + 3*q(n). Let k = -2 - -7. Suppose -4*c + 3*c = -k. Determine w(c).
6
Let g be (-4)/18 + 77/63. Let c be 0 + -2 + (-1 - g)*2. Let i(o) = o**3 + 6*o**2 + o - 2. Determine i(c).
-8
Let y = -4 - -11. Let x = y - 12. Let o(i) = -4*i**2 - 5*i + 8*i**2 + 19 + 14 + i**3 - 26. Give o(x).
7
Let t(r) be the first derivative of r**3/3 - 4*r**2 - 5*r + 1. Suppose 3*d = 4*x - 40, -56*x + 53*x + d + 25 = 0. Calculate t(x).
-12
Let m(z) = 11*z - 15. Let x(k) = -16*k + 22. Let c(v) = -7*m(v) - 5*x(v). Suppose -4*t - 5 = -3*t. Calculate c(t).
-20
Suppose -5*l - 15 = 0, -4*i + 9*i + 5*l + 60 = 0. Let y = 17 + i. Let o = y + -7. Let t(f) = 3*f**2 + f. What is t(o)?
4
Let v(b) = -7*b**2 + 14*b + 1. Let k(o) = -9*o**2 + 14*o - 1. Let t(y) = -3*k(y) + 4*v(y). Determine t(14).
7
Let r(g) = -24 - 42*g + 26 + 6*g**2 + 38*g. Let d = -9 + 11. Give r(d).
18
Let l(z) = -2*z - 7. Suppose -2*y + 1 + 5 = 0, -2*r - 2*y - 4 = 0. Calculate l(r).
3
Let h(t) = 0*t**2 - 7 + t + 1 + t**2. Let s(v) = -2*v - 8. Let g be s(-6). Let n be (5 - (0 - -5))/(0 + g). What is h(n)?
-6
Suppose 0 = -2*a + 4*a. Let r = -623 + 623. Suppose a*u - 5*u = r. Let k(t) = t + 12. Calculate k(u).
12
Let q(t) = -31*t**3 + 5*t**2 - 5*t - 9. Let o(l) = 31*l**3 - 4*l**2 + 4*l + 7. Let y(u) = -5*o(u) - 4*q(u). Give y(1).
-30
Suppose 4*b + 0*b - 204 = 0. Let s = b - 51. Let m(u) = u + 3. Give m(s).
3
Let o(g) be the second derivative of 0*g**2 + 0*g**3 - 1/720*g**6 + 1/120*g**5 - 5/6*g**4 + 6*g + 0. Let y(c) be the third derivative of o(c). Calculate y(-5).
6
Let j(i) = -35*i - 24. Let k(p) = -13*p - 8. Let m(t) = 3*j(t) - 8*k(t). Calculate m(-13).
5
Let g(y) be the second derivative of -y**3/6 - 2*y**2 + 2*y. Let i be (-1)/(-2)*(0 + 8). Suppose -i*a + 5*x = 45, a - 2*x = -0*x - 15. What is g(a)?
1
Let t(i) = 2*i**2 + 31*i + 109. Let h be t(-5). Let c = -1 + 1. Suppose -h*f - f + 10 = c. Let w(y) = -5*y + 2. Determine w(f).
-8
Let x(h) be the third derivative of 0*h + 1/6*h**4 + 7/720*h**6 + 0 + 0*h**5 + 0*h**3 - 2*h**2. Let o(z) be the second derivative of x(z). Calculate o(2).
14
Suppose 63 = -4*j + 7*q - 4*q, 3*j + 4*q + 66 = 0. Let g(w) = w**3 + 19*w**2 + 17*w - 16. Calculate g(j).
2
Suppose 4*k + 3*x + 55 = 0, -5*k - 3*x - 70 = 2*x. Let v(w) = w**3 + 13*w**2 + 4*w + 7. Give v(k).
-45
Suppose -104*y - 1 = -103*y. Suppose 0 = -a - 5, 0 = -3*o - 2*a + 6 + 2. Let c(s) = -2*s - o*s - 5*s. Calculate c(y).
13
Let g(c) = -22 + 42 - 2*c - 21. Give g(-8).
15
Suppose 1 + 11 = 3*v. Let z(h) = 16*h + 4. Let x(f) = 17*f + 5. Let a(m) = v*z(m) - 3*x(m). What is a(1)?
14
Let k(w) = -2*w**2 + 2*w + 1. Let b be ((-45)/(-3) + -2)/1. Suppose -l = -2*x + 2, 5*l + 12 = -5*x - b. What is k(x)?
-3
Let x(g) = g - 2. Let o be x(3). Let z(d) = d + 5. Let v(n) = n + 43 - 18 - 24. Let q(y) = -6*v(y) + z(y). What is q(o)?
-6
Suppose -35 = -222*k + 215*k. Let b(m) = m**2 - 8*m + 13. Give b(k).
-2
Let z(w) = 31*w - 62*w + 7 + 30*w. Give z(-8).
15
Let a(t) = t**2 - 4*t - 7. Suppose 0 = -3*n + 7 + 2. Suppose -w - n*l - 7 = -0, -3*l = -3*w + 27. Calculate a(w).
-2
Let z(k) = -k**3 - k**2 - k + 3. Suppose -i + 5*o + 9 = 0, o = -2*i - 2*i - 27. Let q = -2 - i. Let t = 4 - q. What is z(t)?
3
Let m(p) be the second derivative of p**4/12 - p**3/2 - 3*p**2 - 2*p - 125. Let q = 11 + -5. Determine m(q).
12
Let l = 103 + -102. Let t(s) = 12*s - 1. Give t(l).
11
Let y be -1 + (-1 - -2 - 1). Let q(x) be the first derivative of -13*x**6/120 + x**4/24 + 3*x**2 - 1. Let o(n) be the second derivative of q(n). Calculate o(y).
12
Let d = 23 + -13. Let j(a) = -15*a - d*a - a**2 + 17*a + 1. Give j(-8).
1
Let p(q) = q**2 + 40*q - 2. Let w be p(-40). Let o(r) = 2 - r**2 + 2*r**2 - 1. What is o(w)?
5
Let v(b) = b - 6. Let n = 381 - 375. What is v(n)?
0
Let s(f) = f**2 - 6*f + 8. Let k be 54/(-45)*-5*1. What is s(k)?
8
Let c(o) be the second derivative of -o**4/6 + o**3/3 + o**2 - 150*o. Determine c(4).
-22
Let k(t) = -6*t + 1. Suppose -2*r = d + d - 2, 9 = 5*d + 4*r. Let p = d + -8. Let m be 3/(-9)*(p + 0). What is k(m)?
-5
Let d(w) = -5*w - 1. Suppose -90 = -0*x - 5*x. Suppose -x = 7*h - 10*h. Let c(y) = -4*y - 1. Let j(m) = h*d(m) - 5*c(m). Determine j(-1).
9
Let z be (4/7)/(22/77). Let x(i) = i**2 + 2*i**2 + 291*i - z - 293*i. Calculate x(2).
6
Let n(b) = 4*b - 5. Let y(g) = 4 - g**3 - 28*g + 17*g**2 + 0*g**2 + 11*g + 16. Let p be y(16). What is n(p)?
11
Let v = 635 - 639. Let c(n) = -n**3 - 5*n**2 